+ 18.
10
What is 5 + -48 + 41 - (7 - -1)?
-10
What is -8 - 0 - (117 + -127 - (0 - 6))?
-4
Evaluate (-16 - (5 + -10) - 24) + 12.
-23
What is the value of (0 - -18) + (-19 - (-11 - (-17 + 24)))?
17
What is 3 - -4 - (-12 - (-10 + 3))?
12
Evaluate -8 + 2 + 0 + (-6 + 8 - -4).
0
What is (2 - -1) + 9 + -8?
4
Calculate 8 + 6 + -2 + -3 + -3 - 7.
-1
Evaluate 7 + 10 - (27 - 1).
-9
3 + -8 - -5 - (7 + -5 + 1)
-3
Evaluate (50 - 63) + 6 + -2 + 2.
-7
Evaluate 34 - (33 + -29) - 15.
15
Evaluate 36 + 24 + (16 - 53).
23
23 - ((-14 - -22) + 0 + 1)
14
Evaluate -5 - ((-2 - (1 - -1)) + -6).
5
What is the value of 12 + (-11 - -4) - 12?
-7
-23 - -6 - (0 - (1 - -6))
-10
What is (-152 - (-133 - -16)) + (1 - 1 - -11)?
-24
(243 - 237) + 4 + -30
-20
Calculate -8 + (-1 - -16) + 11 + -19.
-1
Evaluate 173 + -179 + 1 + -6 + 2 + 2.
-7
Calculate 162 - 163 - ((-1 - -2) + 0).
-2
What is 2 + 34 + (11 + 1 - 23)?
25
(-2 - 8 - -20) + -16 + -3 + 0
-9
What is 9 + -2 + 0 - (6 - (16 - 11))?
6
Evaluate 10 - -5 - (-10 + 20).
5
Evaluate (3 + -6 + -13 - -6) + -8.
-18
What is 0 - -4 - (-81 - -74) - 15 - -36?
32
(10 - (5 - (-8 + 8))) + 19
24
Evaluate 1 - (1 + -1) - (-69 - (-65 + 13)).
18
(17 + -1 - 35) + 9
-10
11 - (1 + 3 + -3 - 3)
13
Evaluate -18 + 11 + 5 + (0 - (0 + -15)).
13
Calculate 12 - ((9 - -15) + -2).
-10
Evaluate (1 - 11) + 51 + -35 + 4.
10
What is 1 + (2 - ((-1 - -1) + 12))?
-9
Evaluate -5 + -20 - (-1 + -24).
0
Calculate -8 + (-24 - -19 - (-17 + -4)) - 31.
-23
Evaluate -5 - (2 - 3) - (-7 + 7 - -3).
-7
What is 10 - 0 - 9 - (-17 + 2)?
16
Calculate -9 + ((-6 - (3 + -2)) + -7 - -8).
-15
0 + -3 - ((7 - -28) + -22)
-16
What is the value of (129 - 55) + -18 + -16?
40
-10 - (-12 + 14 + 2)
-14
What is the value of (210 - 214) + (2 - 14) + 27?
11
Calculate 1 + 6 - (12 + -24 - -8 - -10).
1
What is the value of -25 - -18 - (19 - 8) - -20?
2
-3 - (12 - 25 - (-3 - (1 + 3)))
3
Calculate 10 + -15 + (11 - 5) - 15.
-14
Evaluate -4 + 23 - (-20 - -32).
7
What is (19 - 11) + -12 + (5 + -2 - -7)?
6
Calculate (-3 - (11 - 0 - (-1 - -9))) + -6.
-12
What is the value of (11 - 9) + 3 + -1?
4
(7 - 6) + -6 - -1
-4
What is 8 - ((-1 + 5 - (8 - 10)) + 2)?
0
What is 34 + (2 - 13) - 49?
-26
-17 - (-5 - 5) - -19
12
What is -4 - -16 - (48 + -25)?
-11
-23 + (-3 - -6) - (-57 + 55)
-18
4 - ((17 - 16) + (1 - -1) + -6)
7
Calculate -10 - -7 - (7 - (12 + 2)).
4
10 - (-3 + (3 - 7))
17
Evaluate 3 - (-9 - -9 - (1 + -5)) - -3.
2
8 + (-38 - -21 - -17)
8
(9 - 13) + (-1 - (-11 + 5 + -6))
7
6 - (-7 - (-7 + (5 - 1)))
10
0 + 1 + -2 + (-12 - (3 - 12))
-4
What is -30 - (-1 - 20) - (-13 + 1)?
3
Calculate 39 - (-18 - -24 - (9 + -1 + -3)).
38
What is the value of -16 + (43 + -17 - 8)?
2
Calculate (14 - -2 - 1) + -168 + 168.
15
Evaluate 495 + -452 + -1 + -17.
25
-12 + (0 - 7 - (54 + -70))
-3
Calculate 24 + -4 + 8 + -6 - 11.
11
5 + 11 + -2 + -17 + 9
6
(17 + 16 - 30) + -33
-30
What is the value of 24 - 0 - 5 - 2 - 4?
13
Calculate -31 + -43 + 32 + 39.
-3
Calculate -22 + 26 + -15 + (1 - -14).
4
Evaluate -9 + 11 + (-5 + 10 - 7 - -4).
4
Calculate 83 + -26 - 33 - (1 + 0 - -6).
17
-18 - (-16 - (0 + (7 - 11)))
-6
Evaluate 3 + 1 + (-2 + 4 - -7).
13
What is the value of (34 - 15) + -9 + 3?
13
Evaluate -1 - (9 - 13) - 0 - (10 - 1).
-6
What is the value of -86 - -94 - (1 - 0 - -4)?
3
Calculate -2 + 8 - (-6 + 13 + -7).
6
Evaluate (6 + -8 - (-13 + -1)) + -9.
3
What is the value of -24 + (-8 - -10) + 12?
-10
What is -1 + (-19 - 2) + 107 + -94?
-9
14 + (-58 - -35) + (-2 - -1 - 3)
-13
Evaluate 2 + -23 + 16 + -6 - -13.
2
-4 + 22 + (31 - 30 - (5 + 1))
13
What is the value of (29 + -8 - (-9 + 5)) + -3?
22
What is the value of -10 + 10 + 5 + -3?
2
Evaluate 0 + -23 + 48 - 5.
20
Evaluate -2 + 6 - ((27 - 12) + 1).
-12
-1938 + 1912 + 14 + 1
-11
What is the value of 23 + -12 + (-13 - -8 - 2)?
4
Evaluate -3 - ((2 - (-7 - (-3 - 2))) + 5).
-12
-4 - (-8 + 4 + 3 - (-3 - -2))
-4
What is the value of -2 + 14 + -1 - (-421 + 426)?
6
26 + 6 + (0 + -2 - 1) - 4
25
Evaluate -1 + 8 + (-25 - (-11 - 23)).
16
(269 - 264) + -1 + (-14 - 0)
-10
17 + (7 + (-2 - -2) - (8 - -2))
14
-3 + 2 - ((16 - 38) + 34)
-13
What is the value of -14 + (13 - -12) + -13 - -16?
14
6 + 11 - 21 - (0 + (0 - 13))
9
What is the value of -9 - (-3 + -18 + -13)?
25
Evaluate 1 + -18 + (-23 - -27 - -3).
-10
What is the value of -22 + -2 - (7 - 14)?
-17
Calculate 1 - -23 - (11 + -18 + -1 + 15).
17
What is (0 - -2) + -124 + 124?
2
Evaluate (9 - (-1 + 5 + -10) - 8) + -28.
-21
What is 3 + -10 + (-4 + 1 - (-64 - -29))?
25
Evaluate 8 + 22 + -12 - 31.
-13
What is the value of -8 + 1 - -3 - (-10 - (-12 - -17))?
11
What is the value of -72 + 70 - (1 - 21) - -1?
19
Evaluate (1 - 2) + -6 + 11 + -31 + 28.
1
1 + 2 + (353 - 344)
12
What is the value of 5 - (-1 - (-2 + 14) - (1 - 8))?
11
(47 - 30) + (7 - (3 + 3 - 2))
20
Evaluate -4 - (1 - -3 - (-18 - -18) - -3).
-11
Calculate (-18 - -13) + (25 - 36).
-16
What is 18 - (-10 + 13 + 11)?
4
What is (-6 - ((-11 - (-12 + 7)) + 3)) + -32?
-35
What is (4 - -1) + 107 + -106 + 1 + 1?
8
Calculate -1 + 11 + (20 - 30) + -2.
-2
Evaluate (50 - 50) + -10 + 0 + -1 + 34.
23
What is -4 - (-2 - 2 - (-2 + -6))?
-8
What is the value of 62 + -59 - (9 + (-12 - -5) + -39)?
40
What is the value of 119 + -103 - (-1 + 17)?
0
Calculate 1 - (-1 - (-3 + -1 + 17)).
15
Evaluate -17 - (8 - 5) - -26.
6
What is the value of (-6 - (-2 - -3)) + (0 + 13 - -7)?
13
-17 + (-5 - (-20 + 10 + 1))
-13
1 + (-9 - -14) + 6
12
-35 + -2 - -40 - (1 + -3 - 1)
6
0 + 15 + -31 - -9
-7
What is the value of (1 - 1 - -7) + 0 - (227 - 212)?
-8
Evaluate 15 - (17 + (-4 - 8) + -10 + -5).
25
What is the value of (-1 + -4 - -11) + -5?
1
What is the value of -31 - (-40 + -37 + 33)?
13
Calculate -34 - 26 - -66 - (1 - -15).
-10
Evaluate -41 + (-26 + 32 - -17).
-18
Evaluate 25 - (-16 + -10 + 28).
23
0 - (-5 - (-30 - -35))
10
What is the value of (-1 - 6) + (392 - 383)?
2
What is the value of (-7 - -1 - 4 - 12) + -2?
-24
Calculate 1 + -25 + 8 + -1 + 8.
-9
Calculate 11 + (-7 - (-6 + 19)).
-9
Evaluate (1 - (1 - -8)) + -9 + 4.
-13
Evaluate -6 + -10 + (-1 - -21).
4
Calculate (-1 - 0) + (4 + -39 - -43).
7
Evaluate 12 + -4 - (-6 - (-12 + 5 + -6)).
1
What is the value of 0 - -13 - (-6 + 21 + -10)?
8
Evaluate (-4 - 16) + 5 + 10 + -3 + -8.
-16
What is -11 + (-14 - -2) + 0 + 2?
-21
What is the value of -2 + 1 - -4 - (-61 + (-144 - -203))?
5
3 - ((-2 + 5 - -2) + (1 - 14))
11
23 + 7 + -18 - 24
-12
Calculate 6 + (2 - 18) - -1.
-9
Calculate -22 - (10 + 1 + -17 - -2).
-18
Evaluate -25 + 14 - (11 + -9).
-13
Evaluate (8 - -5 - 5) + -5 + (-2 - 4).
-3
23 + (-5 - 21) + (-12 - 0)
-15
Calculate (2 - -12) + (-8 - -28) + -17.
17
Evaluate (1 - 12 - (-12 - -7) - -10) + 2.
6
11 - (9 - -16) - -5
-9
What is the value of -52 - -33 - (12 + -9)?
-22
What is -14 + -12 + 32 + -7?
-1
-3 - -25 - (19 - -1)
2
Calculate (11 + 1 + 6 + -10 - 4) + -6.
-2
Evaluate -3 + 15 + 4 + -3.
13
Calculate (7 - (-4 - -15 - -5)) + -13.
-22
Calculate 1 + -18 + (15 - (6 - 1)).
-7
24 + -23 + -7 + 1
-5
Evaluate 8 - (27 - 30 - (1 - 4) - 10).
18
Evaluate -2 - (-8 - 1) - (-22 - -35).
-6
Evaluate 19 + -5 + (7 + -6 - 4).
11
Calculate 27 - (28 + -4 - 6).
9
Calculate (-10 - -3) + 2 + 8 + 6.
9
Calculate -32 - -13 - (-8 + 4 + -1).
-14
Evaluate -9 + (15 - 28 - -10).
-12
-3 - ((5 - ((-2 - -6) + -7)) + -8)
-3
(40 - 21) + (-1 - 36)
-18
0 - (-37 - -21 - -13 - -12)
-9
What is (-2 - -36) + (-62 - -10) + 39?
21
Evaluate 6 + 2 + 2 + -7 + -2 + 6.
7
52 - 24 - (17 + 3)
8
Calculate 14 + (2 - -27 - 12).
31
What is the value of -13 + 4 - (1 + 0)?
-10
What is (-18 - 105) + 114 + (2 - 1 - -12)?
4
Calculate 4 - ((2 - -1) + (10 - 8) - -2).
-3
(9 - 0) + (-681 - -669)
-3
What is the value of 4 + -7 + 10 + (8 - 14)?
1
What is 13 + 17 + -8 + -3?
19
-3 - (3 - (8 - (-2 + 11)))
-7
Evaluate (-1 - 28) + 11 + 20 - (-3 - -32).
-27
-2 + (1 - 0) - (-54 + 60 + -27)
20
Evaluate -35 + -33 + (114 - 29).
17
What is the value of -23 - (-21 - 7) - (-1 + 3)?
3
-6 - ((1 - (-3 - 0)) + -14 + 15)
-11
What is -7 - (-15 + (37 - 17))?
-12
Calculate -7 - (125 - 120 - (0 - -14)).
2
What is the value of (1 - (-2 - 14 - -15)) + -3 + -31?
-32
Evaluate -12 - (-2 - (4 - (-12 + 8))).
-2
Evaluate (-3 - (-7 + 2)) + -9 - -5.
-2
What is the value of -4 + -16 + 11 - -35 - 9?
17
What is the value of -42 + 6 + -11 - -38?
-9
Calculate -10 + 15 + 0 + -19 - 4.
-18
-6 + 6 + 4 + -